False
Is 3329 composite?
False
Is 2432447 composite?
False
Is 789027 a composite number?
True
Is 1657 a composite number?
False
Is 90347 prime?
False
Is 19757 a composite number?
True
Is 9127 a composite number?
False
Is 977881 a prime number?
True
Is 66029 composite?
False
Is 3079 prime?
True
Is 2106451 prime?
True
Is 26359 a prime number?
False
Is 1458263 prime?
False
Is 6839 composite?
True
Is 11969 a composite number?
False
Is 4507 a prime number?
True
Is 19739 a composite number?
False
Is 983261 a composite number?
False
Is 3473 a prime number?
False
Is 392389 prime?
True
Is 23929 composite?
False
Is 157513 a composite number?
False
Is 34057 a prime number?
True
Is 32197 prime?
False
Is 471589 a composite number?
False
Is 137211 composite?
True
Is 12333 prime?
False
Is 149509 composite?
True
Is 35099 a prime number?
True
Is 3691 a composite number?
False
Is 1158953 a composite number?
False
Is 8903 composite?
True
Is 357517 composite?
False
Is 4393 a composite number?
True
Is 249103 a prime number?
True
Is 28429 composite?
False
Is 34507 composite?
True
Is 1866547 prime?
True
Is 229093 a prime number?
True
Is 186947 prime?
True
Is 98963 prime?
True
Is 83177 composite?
False
Is 911 a prime number?
True
Is 649 prime?
False
Is 1817029 a prime number?
False
Is 3557 composite?
False
Is 1365869 a prime number?
True
Is 16969 a composite number?
True
Is 9287 a composite number?
True
Is 587 composite?
False
Is 22163 composite?
True
Is 86033 a prime number?
False
Is 2594 a prime number?
False
Is 362657 composite?
False
Is 36037 prime?
True
Is 2419 prime?
False
Is 76809 a composite number?
True
Is 168673 a prime number?
True
Is 6439 composite?
True
Is 406481 a prime number?
True
Is 8813 prime?
False
Is 132247 prime?
True
Is 637657 a composite number?
False
Is 13069 a composite number?
True
Is 158549 a prime number?
False
Is 2191 a prime number?
False
Is 454247 prime?
True
Is 15089 composite?
True
Is 37189 a composite number?
False
Is 2161811 composite?
True
Is 8083 a prime number?
False
Is 67531 a composite number?
False
Is 7427 composite?
True
Is 67631 a composite number?
False
Is 65629 a prime number?
True
Is 160861 a prime number?
True
Is 84583 a prime number?
False
Is 11851 composite?
True
Is 234341 composite?
False
Is 25969 composite?
False
Is 2437 a composite number?
False
Is 17011 a prime number?
True
Is 23459 a prime number?
True
Is 39381 prime?
False
Is 4291 a prime number?
False
Is 5369545 prime?
False
Is 27977 composite?
True
Is 34 a composite number?
True
Is 127183 composite?
True
Is 1770753 a composite number?
True
Is 705389 prime?
True
Is 450854 a composite number?
True
Is 161277 a prime number?
False
Is 215317 a prime number?
True
Is 159349 a composite number?
False
Is 92453 a prime number?
False
Is 22409 a composite number?
False
Is 254369 prime?
True
Is 4663 prime?
True
Is 2155 composite?
True
Is 67339 composite?
False
Is 3803 prime?
True
Is 1039607 a prime number?
True
Is 100105 prime?
False
Is 476639 a composite number?
False
Is 19643 prime?
False
Is 57311 composite?
True
Is 2631 a composite number?
True
Is 7559 a composite number?
False
Is 76499 composite?
True
Is 1183441 a prime number?
False
Is 69857 a composite number?
False
Is 905557 composite?
True
Is 15681 a composite number?
True
Is 690887 a composite number?
False
Is 1061 a prime number?
True
Is 1237529 a prime number?
True
Is 409067 a composite number?
True
Is 195673 composite?
True
Is 430691 prime?
True
Is 1361 a prime number?
True
Is 264947 a composite number?
True
Is 859 composite?
False
Is 22189 a prime number?
True
Is 18965 prime?
False
Is 10723 a prime number?
True
Is 17707 prime?
True
Is 3503 composite?
True
Is 52123 prime?
False
Is 3205 prime?
False
Is 10762 prime?
False
Is 47555 composite?
True
Is 21559 prime?
True
Is 4513 a prime number?
True
Is 47449 a prime number?
False
Is 18295 prime?
False
Is 55763 composite?
False
Is 159311 prime?
True
Is 74279 composite?
False
Is 41579 prime?
True
Is 84899 a prime number?
False
Is 32458 a prime number?
False
Is 4733197 composite?
True
Is 5131 prime?
False
Is 782143 a prime number?
False
Is 26819 prime?
False
Is 8641 a composite number?
False
Is 81319 a composite number?
True
Is 172477 a prime number?
False
Is 314747 a prime number?
True
Is 43557 prime?
False
Is 907 prime?
True
Is 130241 a prime number?
True
Is 3110417 prime?
True
Is 37043 prime?
False
Is 1280333 a prime number?
True
Is 2409423 a prime number?
False
Is 172199 prime?
True
Is 218 a prime number?
False
Is 21799 a prime number?
True
Is 18661 composite?
False
Is 455003 prime?
True
Is 10919 a prime number?
False
Is 14506 prime?
False
Is 2549531 a prime number?
True
Is 2338969 a composite number?
False
Is 7237 a composite number?
False
Is 19631 a prime number?
False
Is 6445103 prime?
False
Is 926 prime?
False
Is 2251 a composite number?
False
Is 2179865 composite?
True
Is 797869 prime?
True
Is 10001 a composite number?
True
Is 3037 a composite number?
False
Is 19541 a prime number?
True
Is 149 prime?
True
Is 1928093 composite?
False
Is 7789 prime?
True
Is 21265 a composite number?
True
Is 23269 composite?
False
Is 109073 composite?
False
Is 172373 prime?
True
Is 16603 prime?
True
Is 152569 composite?
True
Is 296627 a composite number?
False
Is 913 a composite number?
True
Is 14349 a prime number?
False
Is 25013 composite?
False
Is 26219 a prime number?
False
Is 13367 composite?
False
Is 72139 a prime number?
True
Is 263063 a composite number?
False
Is 6385 a prime number?
False
Is 8053 a prime number?
True
Is 763771 a composite number?
False
Is 91174 prime?
False
Is 42941 a composite number?
True
Is 3215 prime?
False
Is 3037 a prime number?
True
Is 520889 composite?
False
Is 566201 composite?
False
Is 695131 prime?
True
Is 318781 a composite number?
False
Is 143461 composite?
False
Is 7661 a composite number?
True
Is 86737 composite?
True
Is 40813 a prime number?
True
Is 81331 a prime number?
True
Is 721363 composite?
False
Is 37831 a prime number?
True
Is 1130891 prime?
False
Is 15907 a composite number?
False
Is 160861 prime?
True
Is 210347 prime?
True
Is 169603 prime?
False
Is 11311 prime?
True
Is 487007 composite?
False
Is 232293 a composite number?
True
Is 185701 a prime number?
False
Is 1973 prime?
True
Is 56107 a composite number?
True
Is 47471 a composite number?
True
Is 9091 a prime number?
True
Is 91909 composite?
False
Is 1082243 a composite number?
False
Is 30869 a prime number?
True
Is 37661 prime?
False
Is 920783 prime?
True
Is 2518 a prime number?
False
Is 55847 a composite number?
True
Is 59326 prime?
False
Is 12197 a composite number?
False
Is 60739 a prime number?
False
Is 1013033 composite?
True
Is 350003 a composite number?
False
Is 200377 prime?
False
Is 159257 a prime number?
False
Is 2485705 a prime number?
False
Is 7063 composite?
True
Is 2923 a prime number?
False
Is 713653 a composite number?
False
Is 26591 a prime number?
True
Is 7247 prime?
True
Is 9841 a composite number?
True
Is 5539 composite?
True
Is 55303 a prime number?
False
Is 76907 composite?
False
Is 3949 a composite number?
True
Is 1304741 a composite number?
False
Is 17473 prime?
False
Is 87617 prime?
False
Is 231421 a composite number?
True
Is 3029837 composite?
False
Is 104461 prime?
False
Is 6731 prime?
False
Is 221317 a prime number?
True
Is 35807 composite?
True
Is 98795 composite?
True
Is 5141 a composite number?
True
Is 6143 prime?
True
Is 57131 a composite number?
False
Is 14277 a composite number?
True
Is 16909 a prime number?
False
Is 45221 a prime number?
False
Is 7451 composite?
False
Is 69313 composite?
False
Is 65323 prime?
True
Is 10037 a prime number?
True
Is 341897 a prime number?
False
Is 5789 a prime number?
False
Is 11917 composite?
True
Is 4989 prime?
False
Is 2203 composite?
False
Is 125423 composite?
False
Is 919355 a prime number?
False
Is 750287 a composite number?
False
Is 15305 prime?
False
Is 2479 prime?
False
Is 32605 a composite number?
True
Is 7303 composite?
True
Is 11851 prime?
False
Is 91738 a prime number?
False
Is 14843 a composite number?
False
Is 8597 composite?
False
Is 93047 a composite number?
False
Is 42761 prime?
False
Is 1657 a composite number?
False
Is 43553 composite?
True
Is 200899 a prime number?
True
Is 1891 a composit